(59 - -1) - (-6 + 1)?
-39
What is 1404 + -1444 - (1 - 125)?
84
What is -4 + 1 - (-70 + 65) - (334 - 259)?
-73
Calculate (-9 + (-4 + -3 - -20) - 13) + 52.
43
Evaluate -3 - -2 - -12 - -3 - (-3 - 53) - 0.
70
What is the value of 69 + -28 + -10 - 21?
10
Evaluate ((25 - 42) + (2 - -83) - 21) + 13.
60
(-46 - -42) + 28 - 43
-19
Evaluate -14 - (6 - 4 - (1 + -6 + 17)) - 44.
-48
What is the value of 9 + -35 + -2 + (0 + -4 - -10) + -5?
-27
Calculate -17 + -32 + 17 + 21 - -3.
-8
Calculate (7 - 4) + 13 + -29 + 38.
25
What is -20 - (-8 - ((0 - -10) + -15) - 3)?
-14
What is the value of -7 + -11 - ((-23 - -14) + 8 - -20)?
-37
What is the value of -20 + 1 - (75 + (-65 - (42 + -70)))?
-57
(-13 - -2) + (86 - 45 - 45) + (9 - 2)
-8
What is the value of (-243 - -120) + 133 + -3 + -105?
-98
-23 + (14 - -4 - 38 - -37)
-6
Evaluate (-11 - -2) + -2 - (-237 - -54 - -191).
-19
What is 3 + -11 - (-31 - (-44 + 23))?
2
-138 - (-34 - 63) - 22
-63
(-8 - 3) + (-61 - -25) + 33
-14
-30 - -2 - (-9 - 107 - -103)
-15
-200 + 189 - (-12 + 0)
1
Evaluate -5 - (123 - (1 - 14 - -26)).
-115
Evaluate 14 + (7 - -3 - 9) - (-2 + 23).
-6
What is the value of (-45 - -103) + -70 - (-2 - 16)?
6
What is -4 + (-6 - -7) + 18 - 13?
2
88 + -6 + 43 + -74 - 8
43
Evaluate -48 + -45 + -6 + 30 + 2.
-67
What is the value of -2 - (-3 + 37) - (-12302 - -12152)?
114
(148 - 70) + 16 + -10
84
Calculate 44 + (-3 + -5 - (44 - 49)).
41
(6 - (-2 - -18) - (29 - (-10 + 6))) + 1
-42
Calculate 5625 + -5614 - (140 - (-5 + 2 + 2)).
-130
Evaluate -59 - (-114 + 114 + -52).
-7
(-124 - -81) + (22 - (-1 - -7))
-27
Evaluate -91 + 16 + 18 + -5 + -12 + -9.
-83
(92 - 85) + (13 + -3 - -7)
24
What is (18 - 16) + -28 + -8?
-34
Calculate 70 + 42 + -141 + -8 + (0 - -1).
-36
Evaluate (-2 - 3 - -2) + (16 - (8 - (5 + 9))).
19
What is -19 - (20 - (49 - (17 - 0)))?
-7
Evaluate -38 + (-3 - (-19 - -10)) + 11 + -17.
-38
What is -16 - (-12 + (-36 + 13 - (27 + -55)))?
-9
-68 + 56 - (1 - 2 - (16 + -25))
-20
(-4 - -11) + -21 + 8 + (-10 - (4 + -3))
-17
What is 0 - (7 - (29 + (-1 - -3 - (1 - 6))))?
29
Calculate -145 + 119 - (2 + -4).
-24
What is the value of 21 - (1 - 6 - -29 - -41)?
-44
What is 63 + (16 - 115 - 1)?
-37
(12 - -6 - 5 - 79) + 19
-47
Calculate -34 - (-39 + 42 + 17).
-54
Calculate 12 + -18 + (9 - 0) - (-60 - -81).
-18
What is (489 - 429) + -92 + 0?
-32
Evaluate 12 - -16 - 20 - (-4 - (1 - 3) - 48).
58
Evaluate 1 + -4 + -44 + -42 - 1 - -7.
-83
5 + -2 + 5 - (-11 - -1 - (197 + -196))
19
Calculate -5 + (209 - (-104 + 222)).
86
Evaluate -9 - -4 - (3 + -1 + (-1 - (-27 - 10))).
-43
-17 + (-10 - -94) - 77
-10
What is -2 + -4 + 14 + -64 + 10 + 14?
-32
What is the value of -1 - (-82 - -107) - -51?
25
-3 + (2 - ((-1 - (9 - -26)) + 8)) - 1
26
What is the value of (-19 + 3 + 6 - -12) + -53 + 12?
-39
What is -2 + (1 - -6) + (1201 - 1131)?
75
Evaluate 23 - ((0 - -16) + 27 + -26).
6
What is (-11 + 27 - (36 + -33)) + 0 + -21?
-8
What is the value of (-1 - (-1 - -5)) + (-39 - (33 + -83 + 35))?
-29
What is the value of (-16 - (-1 - -3) - -12) + -9 + 25?
10
What is the value of 25 + -37 + (-1 - -1) - (1 + -3 - 40)?
30
Calculate (-1 - -2 - (-75 - 3)) + 14 + (12 - 32).
73
What is the value of -7 - (24 + -14) - 22 - -16?
-23
What is -8 - (35 + -45 + -9)?
11
Calculate -4 - (-5 - -1 - (-4 + -111)) - (1147 - 1141).
-121
Evaluate (-2 - -13) + (-29 - -18) - -57.
57
Evaluate -36 + 15 + 77 - 49.
7
What is 597 + -635 + 28 + (-1 - 90) + -1?
-102
Calculate 16 + (-7 - (-1 + 1) - (79 + -14 + -83)).
27
Evaluate 17 + 21 + (-47 - 17) - 11.
-37
Calculate (1721 - 1736) + 0 + 1 - (-25 + 3).
8
Evaluate -8 + -1 + (1 + 42 - (37 + (-3 - 53))).
53
-60 - ((-1 - (8 + 1)) + (130 - (-15 - -145)))
-50
(-32 - -20) + 6 + (3 - 20) - -7
-16
What is (-17 - 17 - (-17 + -20)) + (41 - 1)?
43
What is 25 - (-40 - -29 - 32)?
68
What is -5524 + 5568 - (-18 + -1 + 3)?
60
Calculate 24 + (-9 - (84 - 24)).
-45
-112 - (-18 + 121 - 105)
-110
163 - 157 - (-22 + 0) - 15
13
Evaluate 13104 + -13166 - (-36 - -1).
-27
-45 + (-18 - (-30 - 26 - -14))
-21
Calculate (-26 - -37 - -7) + 1 + -50.
-31
Calculate (13 - -17) + -99 - (-15 - -5).
-59
Evaluate -2 - 13 - (-28 - (-60 + 3)).
-44
Evaluate 24 - (78 - 2 - (-372 - -350)).
-74
29 + (-8 + (9 - (-12 - -8)) - 5)
29
What is (-18 + -1 - 2) + (-520 - -480) + (28 - -2)?
-31
Evaluate -22 + 11 + (-1 - -34) + (-59 - (22 + -86)).
27
-19 + 21 + (13 - 7) + -3 + -11
-6
Evaluate -118 - (35 - 49 - (-14 - 9)).
-127
Evaluate -1 + 12 + -2 + 1 + (-51 - -14) + -10.
-37
-61 + (-74 + 42 + -24 - -8)
-109
What is 15 - (-54 + 0 + 57 + -76 + 12 + -14)?
90
What is the value of (-19 - (59 + -32)) + (-1 - 1) - -2?
-46
Evaluate 3 + (-1 - 1) - ((-35 - -45) + -15).
6
Evaluate (9 + -70 - -55) + -8.
-14
-1289 - -1193 - (-44 - -2)
-54
What is 3 + -13 + -1 - -74 - 21?
42
What is 108 - (161 + -14 + 58)?
-97
Evaluate 10 + (-9 - (2 - 7)) - (1011 - 1102).
97
What is the value of -3 + 2 + 16 + (-2281 - -2275)?
9
Evaluate 26 - 4 - 30 - ((-50 - -1) + -1).
42
What is 554 + -572 - (-28 - -11)?
-1
Calculate (-1 - ((139 - 125) + -3 + 2 + -7)) + 62.
55
Calculate 16 + -3 + -53 + -6.
-46
Calculate (-5 - (13 - (56 + -9))) + 39.
68
Calculate (-25 - -21 - 12) + -122 + 167.
29
What is the value of (22 - (-2 + 19)) + 10 + -116 + 17?
-84
-195 + 70 + 312 + -132
55
Calculate 61 - ((28 - 48) + 53).
28
Evaluate -50 + (3 - 12) + 32 + -48.
-75
(-16 - (9 - 17)) + 15 - 16 - (9 + -1)
-17
What is the value of 3289 + -3265 + (0 - 45)?
-21
Evaluate 18 - ((-155 - -147) + -1 + 3).
24
Calculate 110 - 38 - 67 - (1 - -1).
3
What is the value of -6 - -1 - (43 - 34) - (-450 + 452)?
-16
Calculate 26 + (-37 + -4 - -2) + -49.
-62
9 - ((24 - -37) + -21)
-31
Calculate (-135 - -148 - (-3 + -55)) + (-1 - 8).
62
-32 - -7 - (-8 + (-64 - -44))
3
Evaluate (-78 - (-17 - -6) - -20) + 25.
-22
What is 16 + -10 + 6 + (25 - 1)?
36
Evaluate 5 + (-12 + (4 - -5) + 0 - -5).
7
Evaluate 30 + -6 + 32 + -39 - (89 - -2).
-74
Evaluate -112 + (30 - (-12 + -19 + 26)).
-77
186 - 185 - (3 - 1)
-1
Evaluate -69 + -4 - (-8 + (-3 - -28 - 11) + -13).
-66
-35 + -52 + 52 + 64
29
What is the value of -9 + (4 + (-26 - -14) + 10 - -37)?
30
Evaluate (-1096 - -1163) + (-129 - 1).
-63
What is the value of (-73 - (-74 + 135)) + (-2 - 21) - -24?
-133
Calculate (-12 - -14) + -3 + 32 + (6 - 3).
34
Evaluate 23 + (-21 + -53 - -43).
-8
Calculate -41 - (-53 + 34 + -46).
24
What is the value of 0 + (1 - 31) - (-6 - (7 + 1))?
-16
What is 62 - (51 + -37 + 17)?
31
Evaluate -507 + 392 + (5 - 0) - -13.
-97
What is the value of -37 + -134 + 97 + -6?
-80
What is (1304 - 1266) + 1 + 17 - (-1 - -16)?
41
Evaluate -136 + (0 - -1) + 16 + (-56 - -58).
-117
-65 + -5 + 7 - (15 + 49 + -69)
-58
What is (-8 - (2 - -2)) + (-83 - -97) + 5?
7
What is the value of (2 - (-29 + -2)) + (-1 - 16 - (-71 + 51))?
36
Evaluate (-14 - -16) + (4 - 2) - (4 + -3).
3
What is 29 + -43 + 56 + -32?
10
What is the value of -8 + (25 - 9 - 24 - 13)?
-29
Calculate (33 - 50 - 9) + 24 + 30.
28
45 - (16 + (-11 - -13)) - (-15 + -1)
43
What is 90 + -89 - ((8 - 10 - 5) + -74)?
82
Evaluate (0 - 134) + 913 + -828.
-49
Evaluate (174 - 120) + 4 - (0 + -19).
77
Evaluate 46 + 17 + -89 + (-8 - (0 - 0)).
-34
Evaluate -38 - -1 - (-97 + (-43 - -130)).
-27
Evaluate -1 - 20 - (20 + 54 + -78).
-17
-28 - (-139 - (-15 + -26 + 24))
94
Calculate -11 - -108 - (-29 + 13 + -6 + 22).
97
What is the value of 19 + -9 + (0 + -19 + 9 - -7)?
7
-270 + -11 + 154 - 9
-136
What is -578 + 541 - (5 - 38)?
-4
Calculate -3 + 40 + -23 + (-7 - 4 - -5 - 127).
-119
What is the value of 45 + (0 - -2 - 11 - -3 - (-131 + 121))?
49
-4 + -103 + -9 + 82
-34
Calculate -3 + 43 - 5 - (-2 + 6 + -2 + -4).
37
Evaluate -45 + (25 + -7 - 21).
-48
-138 - (122 - 369) - -20
129
(-140 + 149 - ((-4 - -59) + 1)) + 9
-38
Evaluate (-46 - -43) + (-68 - 1) + (170 - 150).
-52
Evaluate 54 + (-23 - -7) - 56.
-18
Calculate (-42 - -16) + -96 + 18 - (-20 + -4).
-80
What is the value of (-23 + -35 + 26 - -116) + -23?
61
What is the value of 4 + 33 + 0 - (10 - 0 - (-380 + 386))?
33
What is 75 - (-13 + (21 - 15) + 3 + 9)?
70
-166 + 125 + 71 + -2 + -109
-81
Calculate -15 - ((-12 - -2 - 3) + -4 + 4).
-2
What is the value of 2 + -8 + 3 + -1 - (270 + (290 - 581))?
17
99 + (-101 - (-61 + -33))
92
What is the value of -1 - (-2 + (-5 - 11)) - (-329 - -343)?
3
Evaluate -229 - (-13 - (220 + -126)).
-122
What is the